{"id":101,"date":"2015-02-17T11:38:00","date_gmt":"2015-02-17T10:38:00","guid":{"rendered":"http:\/\/www.schlesienmodelle.de\/wordpress\/?page_id=101"},"modified":"2023-11-05T17:46:48","modified_gmt":"2023-11-05T16:46:48","slug":"vertrieb","status":"publish","type":"page","link":"http:\/\/www.schlesienmodelle.de\/?page_id=101","title":{"rendered":"Vertrieb"},"content":{"rendered":"<div class=\"panel-grid\" id=\"pg-101-0\"><div class=\"panel-grid-core\"><div class=\"panel-grid-cell\" id=\"pgc-101-0-0\" >Folgende Fachh\u00e4ndler f\u00fchren unsere Produkte im Sortiment.<\/div><\/div><\/div><div class=\"panel-grid\" id=\"pg-101-1\"><div class=\"panel-grid-core\"><div class=\"panel-grid-cell\" id=\"pgc-101-1-0\" >&nbsp;<\/div><div class=\"panel-grid-cell\" id=\"pgc-101-1-1\" >&nbsp;<\/div><div class=\"panel-grid-cell\" id=\"pgc-101-1-2\" >&nbsp;<\/div><\/div><\/div><div class=\"panel-grid\" id=\"pg-101-2\"><div class=\"panel-grid-core\"><div class=\"panel-grid-cell\" id=\"pgc-101-2-0\" ><div class=\"divider\"><\/div><p>Wir vertreiben in Deutschland folgende Marken:<\/p><\/div><\/div><\/div><div class=\"panel-grid\" id=\"pg-101-3\"><div class=\"panel-grid-core\"><div class=\"panel-grid-cell\" id=\"pgc-101-3-0\" ><pauto><img src=\"http:\/\/www.schlesienmodelle.de\/webcontent\/wp-content\/uploads\/2015\/02\/PARTNER_Robo.png\" alt=\"\" \/ ><\/p><p>Spezialist f\u00fcr polnische Reisezugwagen.<\/p><\/div><div class=\"panel-grid-cell\" id=\"pgc-101-3-1\" ><pauto><img src=\"http:\/\/www.schlesienmodelle.de\/webcontent\/wp-content\/uploads\/2015\/02\/PARTNER_EFC.jpg\" alt=\"\" \/ ><\/p><p>H0 SM42, SM31, SU45, EP09 in Kleinserie aus Metall<\/p><\/div><div class=\"panel-grid-cell\" id=\"pgc-101-3-2\" ><pauto><img src=\"http:\/\/www.schlesienmodelle.de\/webcontent\/wp-content\/uploads\/2015\/02\/PARTNER_TMF.jpg\" alt=\"\" \/ ><\/p><p>Waggons und Loks aus Metall in Kleinserien.<\/p><\/div><\/div><\/div><div class=\"panel-grid\" id=\"pg-101-4\"><div class=\"panel-grid-core\"><div class=\"panel-grid-cell\" id=\"pgc-101-4-0\" ><pauto><img src=\"http:\/\/www.schlesienmodelle.de\/webcontent\/wp-content\/uploads\/2015\/02\/PARTNER_MBR.jpg\" alt=\"\" \/ ><\/p><p>Handgemachte B\u00e4ume und Str\u00e4ucher in den Baugr\u00f6\u00dfen N bis 1. <\/p><\/div><div class=\"panel-grid-cell\" id=\"pgc-101-4-1\" ><pauto><img src=\"http:\/\/www.schlesienmodelle.de\/webcontent\/wp-content\/uploads\/2015\/02\/PARTNER_Inari.jpg\" alt=\"\" \/ ><\/p><p>Br\u00fccken aus Neusilber. F\u00fcr allerh\u00f6chste Anrp\u00fcche.<\/p><\/div><div class=\"panel-grid-cell\" id=\"pgc-101-4-2\" ><pauto><img src=\"http:\/\/www.schlesienmodelle.de\/webcontent\/wp-content\/uploads\/2015\/02\/PARTNER_Kluba.jpg\" alt=\"\" \/ ><\/p><p>Polnische Laternen, Strecken- und Gleisausr\u00fcstung<\/p><\/div><\/div><\/div>","protected":false},"excerpt":{"rendered":"<p>Folgende Fachh\u00e4ndler f\u00fchren unsere Produkte im Sortiment.&nbsp;&nbsp;&nbsp;Wir vertreiben in Deutschland folgende Marken:Spezialist f\u00fcr polnische Reisezugwagen.H0 SM42, SM31, SU45, EP09 in Kleinserie aus MetallWaggons und Loks aus Metall in Kleinserien.Handgemachte B\u00e4ume und Str\u00e4ucher in den Baugr\u00f6\u00dfen N bis 1. Br\u00fccken aus Neusilber. F\u00fcr allerh\u00f6chste Anrp\u00fcche.Polnische Laternen, Strecken- und Gleisausr\u00fcstung<\/p>\n","protected":false},"author":1,"featured_media":0,"parent":0,"menu_order":0,"comment_status":"open","ping_status":"open","template":"","meta":{"footnotes":""},"categories":[],"tags":[],"_links":{"self":[{"href":"http:\/\/www.schlesienmodelle.de\/index.php?rest_route=\/wp\/v2\/pages\/101"}],"collection":[{"href":"http:\/\/www.schlesienmodelle.de\/index.php?rest_route=\/wp\/v2\/pages"}],"about":[{"href":"http:\/\/www.schlesienmodelle.de\/index.php?rest_route=\/wp\/v2\/types\/page"}],"author":[{"embeddable":true,"href":"http:\/\/www.schlesienmodelle.de\/index.php?rest_route=\/wp\/v2\/users\/1"}],"replies":[{"embeddable":true,"href":"http:\/\/www.schlesienmodelle.de\/index.php?rest_route=%2Fwp%2Fv2%2Fcomments&post=101"}],"version-history":[{"count":37,"href":"http:\/\/www.schlesienmodelle.de\/index.php?rest_route=\/wp\/v2\/pages\/101\/revisions"}],"predecessor-version":[{"id":367,"href":"http:\/\/www.schlesienmodelle.de\/index.php?rest_route=\/wp\/v2\/pages\/101\/revisions\/367"}],"wp:attachment":[{"href":"http:\/\/www.schlesienmodelle.de\/index.php?rest_route=%2Fwp%2Fv2%2Fmedia&parent=101"}],"wp:term":[{"taxonomy":"category","embeddable":true,"href":"http:\/\/www.schlesienmodelle.de\/index.php?rest_route=%2Fwp%2Fv2%2Fcategories&post=101"},{"taxonomy":"post_tag","embeddable":true,"href":"http:\/\/www.schlesienmodelle.de\/index.php?rest_route=%2Fwp%2Fv2%2Ftags&post=101"}],"curies":[{"name":"wp","href":"https:\/\/api.w.org\/{rel}","templated":true}]}}