{"id":55,"date":"2015-02-17T03:21:12","date_gmt":"2015-02-17T02:21:12","guid":{"rendered":"http:\/\/www.schlesienmodelle.de\/wordpress\/?page_id=55"},"modified":"2023-11-05T16:51:24","modified_gmt":"2023-11-05T15:51:24","slug":"%c2%a7-impressum-2","status":"publish","type":"page","link":"http:\/\/www.schlesienmodelle.de\/?page_id=55","title":{"rendered":"\u00a7 Impressum"},"content":{"rendered":"<h4 class=\"bodytext\">Angaben zur Schlesienmodelle.de<\/h4>\n<p class=\"bodytext\">Diese Webseite wird von der Firma RP Group Robert Reschka<strong>,\u00a0<\/strong>ul. Kwiatowa 22A, 05-092 Izabelin-Dziekan\u00f3wek, Polen<\/p>\n<p class=\"bodytext\">betrieben.<\/p>\n<h4>Copyright<\/h4>\n<p class=\"bodytext\">\u00a92012 &#8211; 2023 by RP Group Robert Reschka. Alle Rechte vorbehalten.<\/p>\n<p class=\"bodytext\">Diese Webseite einschlie\u00dflich aller seiner Teile wie Daten und Bilder ist urheberrechtlich gesch\u00fctzt. Jede Verwendung au\u00dferhalb der engen Grenzen des Urheberrechtsgesetzes ist ohne Zustimmung der RP Group Robert Reschka unzul\u00e4ssig und strafbar. Dies gilt insbesondere f\u00fcr Vervielf\u00e4ltigungen, \u00dcbersetzungen, Mikroverfilmungen und die Verarbeitung oder Weiterverarbeitung in elektronischen Systemen.<\/p>\n<h4>Datenschutz<\/h4>\n<p class=\"bodytext\">Firma RP Group Robert Reschka erkl\u00e4rt ausdr\u00fccklich, in keinem Fall f\u00fcr den Inhalt allf\u00e4lliger &#8211; in dieser WebSite verankerte Links und Querverweise &#8211; verantwortlich zu sein. Eine Einflussnahme auf verlinkte WebSites ist uns nicht m\u00f6glich. Aus diesem Grund liegt die Rechtsverantwortung ausschliesslich beim Betreiber der jeweilgen WebSite.<\/p>\n","protected":false},"excerpt":{"rendered":"<p>Angaben zur Schlesienmodelle.de Diese Webseite wird von der Firma RP Group Robert Reschka,\u00a0ul. Kwiatowa 22A, 05-092 Izabelin-Dziekan\u00f3wek, Polen betrieben. Copyright \u00a92012 &#8211; 2023 by RP Group Robert Reschka. Alle Rechte vorbehalten. Diese Webseite einschlie\u00dflich aller seiner Teile wie Daten und Bilder ist urheberrechtlich gesch\u00fctzt. Jede Verwendung au\u00dferhalb der engen Grenzen des Urheberrechtsgesetzes ist ohne Zustimmung [&hellip;]<\/p>\n","protected":false},"author":1,"featured_media":0,"parent":0,"menu_order":0,"comment_status":"open","ping_status":"open","template":"","meta":{"footnotes":""},"categories":[],"tags":[],"_links":{"self":[{"href":"http:\/\/www.schlesienmodelle.de\/index.php?rest_route=\/wp\/v2\/pages\/55"}],"collection":[{"href":"http:\/\/www.schlesienmodelle.de\/index.php?rest_route=\/wp\/v2\/pages"}],"about":[{"href":"http:\/\/www.schlesienmodelle.de\/index.php?rest_route=\/wp\/v2\/types\/page"}],"author":[{"embeddable":true,"href":"http:\/\/www.schlesienmodelle.de\/index.php?rest_route=\/wp\/v2\/users\/1"}],"replies":[{"embeddable":true,"href":"http:\/\/www.schlesienmodelle.de\/index.php?rest_route=%2Fwp%2Fv2%2Fcomments&post=55"}],"version-history":[{"count":9,"href":"http:\/\/www.schlesienmodelle.de\/index.php?rest_route=\/wp\/v2\/pages\/55\/revisions"}],"predecessor-version":[{"id":351,"href":"http:\/\/www.schlesienmodelle.de\/index.php?rest_route=\/wp\/v2\/pages\/55\/revisions\/351"}],"wp:attachment":[{"href":"http:\/\/www.schlesienmodelle.de\/index.php?rest_route=%2Fwp%2Fv2%2Fmedia&parent=55"}],"wp:term":[{"taxonomy":"category","embeddable":true,"href":"http:\/\/www.schlesienmodelle.de\/index.php?rest_route=%2Fwp%2Fv2%2Fcategories&post=55"},{"taxonomy":"post_tag","embeddable":true,"href":"http:\/\/www.schlesienmodelle.de\/index.php?rest_route=%2Fwp%2Fv2%2Ftags&post=55"}],"curies":[{"name":"wp","href":"https:\/\/api.w.org\/{rel}","templated":true}]}}